220147 is divided by 110012.
123
Calculate the remainder when 439957 is divided by 109981.
33
Calculate the remainder when 36364 is divided by 478.
36
What is the remainder when 32343957 is divided by 44?
41
Calculate the remainder when 50598436 is divided by 4989.
4987
What is the remainder when 750857 is divided by 187684?
121
What is the remainder when 102756 is divided by 14560?
836
Calculate the remainder when 7666741 is divided by 469.
467
What is the remainder when 66293 is divided by 591?
101
Calculate the remainder when 846511 is divided by 2030.
1
What is the remainder when 99644 is divided by 403?
103
Calculate the remainder when 1610730 is divided by 276.
270
Calculate the remainder when 431101 is divided by 2260.
1701
What is the remainder when 1170345 is divided by 234059?
50
Calculate the remainder when 867457 is divided by 51026.
15
Calculate the remainder when 5133963 is divided by 6818.
9
What is the remainder when 120651 is divided by 13131?
2472
Calculate the remainder when 2256534 is divided by 5505.
4989
Calculate the remainder when 58126 is divided by 17959.
4249
What is the remainder when 23192358 is divided by 49769?
4
Calculate the remainder when 12908677 is divided by 5569.
5304
Calculate the remainder when 1561620 is divided by 1561604.
16
Calculate the remainder when 28548327 is divided by 1799.
1795
Calculate the remainder when 693140 is divided by 5182.
3934
What is the remainder when 154518786 is divided by 2911?
2906
Calculate the remainder when 233527885 is divided by 753.
748
What is the remainder when 146832 is divided by 2294?
16
What is the remainder when 26297829 is divided by 130?
129
Calculate the remainder when 7327060 is divided by 2260.
140
Calculate the remainder when 55449142 is divided by 531.
529
What is the remainder when 276855 is divided by 55371?
0
What is the remainder when 2582248 is divided by 860609?
421
What is the remainder when 1322091 is divided by 9510?
201
Calculate the remainder when 60353638 is divided by 1363.
1361
Calculate the remainder when 420381 is divided by 1153.
689
What is the remainder when 3000403 is divided by 24196?
99
Calculate the remainder when 44664750 is divided by 176.
174
Calculate the remainder when 11742 is divided by 5319.
1104
Calculate the remainder when 10769 is divided by 10757.
12
Calculate the remainder when 4109520 is divided by 307.
18
Calculate the remainder when 2798037 is divided by 484.
33
What is the remainder when 5160307 is divided by 586?
577
Calculate the remainder when 292278 is divided by 1833.
831
What is the remainder when 112468 is divided by 7956?
1084
Calculate the remainder when 29409803 is divided by 18.
17
Calculate the remainder when 656985 is divided by 41016.
729
What is the remainder when 9797 is divided by 4845?
107
Calculate the remainder when 3353230 is divided by 3353099.
131
What is the remainder when 17545556 is divided by 17545546?
10
Calculate the remainder when 136884 is divided by 3698.
58
What is the remainder when 66926 is divided by 32984?
958
Calculate the remainder when 14012 is divided by 12882.
1130
Calculate the remainder when 256030 is divided by 21333.
34
Calculate the remainder when 8941009 is divided by 65.
64
What is the remainder when 516941703 is divided by 1057?
1055
Calculate the remainder when 1482344 is divided by 740939.
466
Calculate the remainder when 390004 is divided by 16239.
268
Calculate the remainder when 1275861 is divided by 98133.
132
Calculate the remainder when 1398948 is divided by 2162.
134
What is the remainder when 339243 is divided by 343?
16
What is the remainder when 251750 is divided by 1280?
870
What is the remainder when 432073 is divided by 220?
213
What is the remainder when 44972187 is divided by 455?
442
What is the remainder when 87994 is divided by 21920?
314
Calculate the remainder when 18909 is divided by 3834.
3573
What is the remainder when 4379517 is divided by 264?
21
Calculate the remainder when 1458267 is divided by 18458.
85
Calculate the remainder when 1179124 is divided by 17.
4
Calculate the remainder when 55377 is divided by 2904.
201
Calculate the remainder when 81838 is divided by 70.
8
What is the remainder when 745644 is divided by 372792?
60
Calculate the remainder when 951509 is divided by 7801.
7588
What is the remainder when 334404 is divided by 921?
81
What is the remainder when 1397095 is divided by 69852?
55
What is the remainder when 243069 is divided by 2013?
1509
Calculate the remainder when 348891 is divided by 21.
18
What is the remainder when 31134161 is divided by 147?
2
What is the remainder when 1625328 is divided by 310?
308
Calculate the remainder when 315196 is divided by 315182.
14
Calculate the remainder when 314004 is divided by 12551.
229
What is the remainder when 15162711 is divided by 531?
6
What is the remainder when 2649565 is divided by 8384?
221
What is the remainder when 28238 is divided by 7054?
22
Calculate the remainder when 1728761 is divided by 4623.
4382
Calculate the remainder when 2183490 is divided by 250.
240
What is the remainder when 7055645 is divided by 1012?
993
What is the remainder when 10620198 is divided by 80?
38
Calculate the remainder when 1254087 is divided by 3214.
627
What is the remainder when 2887124 is divided by 102?
14
Calculate the remainder when 38819 is divided by 2604.
2363
Calculate the remainder when 59545568 is divided by 241.
11
What is the remainder when 3739527 is divided by 6750?
27
Calculate the remainder when 82299501 is divided by 1471.
1464
What is the remainder when 468898 is divided by 78143?
40
What is the remainder when 259124 is divided by 25888?
244
What is the remainder when 346917 is divided by 115529?
330
Calculate the remainder when 1287324 is divided by 117029.
5
What is the remainder when 271797 is divided by 12349?
119
Calculate the remainder when 388611 is divided by 126293.
9732
Calculate the remainder when 551872 is divided by 4695.
2557
Calculate the remainder when 13031 is divided by 4125.
656
What is the remainder when 1729915 is divided by 2141?
2128
Calculate the remainder when 201568325 is divided by 2095.
2090
What is the remainder when 1828190 is divided by 457046?
6
Calculate the remainder when 6993105 is divided by 798.
231
What is the remainder when 10764020 is divided by 482?
478
Calculate the remainder when 1146026 is divided by 381960.
146
Calculate the remainder when 2416299 is divided by 18.
15
Calculate the remainder when 1505381 is divided by 75.
56
What is the remainder when 2635426 is divided by 60?
46
What is the remainder when 183764 is divided by 113?
26
What is the remainder when 183512 is divided by 16680?
32
Calculate the remainder when 1768287 is divided by 39.
27
What is the remainder when 497986 is divided by 157?
139
Calculate the remainder when 33328 is divided by 2772.
64
Calculate the remainder when 4698523 is divided by 167804.
11
What is the remainder when 14965362 is divided by 8033?
7916
Calculate the remainder when 663117 is divided by 562.
519
What is the remainder when 12169131 is divided by 3160?
3131
Calculate the remainder when 369305 is divided by 980.
825
What is the remainder when 465012 is divided by 77464?
228
Calculate the remainder when 8254148 is divided by 44.
12
Calculate the remainder when 159890 is divided by 3969.
1130
Calculate the remainder when 139152607 is divided by 10.
7
What is the remainder when 7439378 is divided by 773?
26
Calculate the remainder when 15996627 is divided by 799828.
67
What is the remainder when 20790872 is divided by 875?
872
Calculate the remainder when 69530216 is divided by 69530196.
20
Calculate the remainder when 8983314 is divided by 691021.
41
Calculate the remainder when 52431 is divided by 12973.
539
What is the remainder when 344526 is divided by 990?
6
Calculate the remainder when 11114816 is divided by 324.
320
What is the remainder when 355735 is divided by 88839?
379
What is the remainder when 4559731 is divided by 473?
11
Calculate the remainder when 557961 is divided by 1197.
159
Calculate the remainder when 84445096 is divided by 17838.
4
What is the remainder when 6534661 is divided by 75111?
4
What is the remainder when 272090 is divided by 192?
26
Calculat